{"id":426,"date":"2022-04-12T01:02:25","date_gmt":"2022-04-11T23:02:25","guid":{"rendered":"http:\/\/pssplock.pl\/?page_id=426"},"modified":"2022-05-17T09:15:51","modified_gmt":"2022-05-17T07:15:51","slug":"kosze-i-paczki-swiateczne-i-okolicznosciowe","status":"publish","type":"page","link":"https:\/\/pssplock.pl\/index.php\/kosze-i-paczki-swiateczne-i-okolicznosciowe\/","title":{"rendered":"Kosze i paczki \u015bwi\u0105teczne i okoliczno\u015bciowe"},"content":{"rendered":"\n<div class=\"wp-block-columns is-layout-flex wp-container-core-columns-is-layout-9d6595d7 wp-block-columns-is-layout-flex\">\n<div class=\"wp-block-column is-layout-flow wp-block-column-is-layout-flow\">\n<p>Podaruj bliskim kosz pe\u0142en s\u0142odyczy! Kosze i paczki okoliczno\u015bciowe&nbsp;komponujemy na \u017cyczenie Klienta, z wybranych przez niego produkt\u00f3w. Doskonale nadaj\u0105 si\u0119 na imieniny, urodziny, jubileusze, \u015bwi\u0119ta, na ka\u017cd\u0105 okazj\u0119 dla dzieci i doros\u0142ych, dla zak\u0142ad\u00f3w pracy, przedszkoli, szk\u00f3\u0142. Oferujemy szerok\u0105 gam\u0119 najwy\u017cszej jako\u015bci produkt\u00f3w spo\u017cywczych.&nbsp;<\/p>\n<\/div>\n\n\n\n<div class=\"wp-block-column is-layout-flow wp-block-column-is-layout-flow\">\n<p>Us\u0142uga u\u0142o\u017cenia produkt\u00f3w w koszu i paczki okoliczno\u015bciowej&nbsp;&#8211; gratis! <br>Wst\u0105\u017cka, folia gratis!<br><\/p>\n\n\n\n<p><strong>Wszelkich informacji udzielamy pod nr tel. 24 267 15 25<\/strong><\/p>\n<\/div>\n<\/div>\n\n\n\n<figure class=\"wp-block-gallery columns-5 is-cropped wp-block-gallery-1 is-layout-flex wp-block-gallery-is-layout-flex\"><ul class=\"blocks-gallery-grid\"><li class=\"blocks-gallery-item\"><figure><a href=\"http:\/\/pssplock.pl\/wp-content\/uploads\/2022\/05\/k1.jpg\"><img loading=\"lazy\" decoding=\"async\" width=\"1024\" height=\"648\" src=\"http:\/\/pssplock.pl\/wp-content\/uploads\/2022\/05\/k1-1024x648.jpg\" alt=\"\" data-id=\"580\" data-full-url=\"http:\/\/pssplock.pl\/wp-content\/uploads\/2022\/05\/k1.jpg\" data-link=\"http:\/\/pssplock.pl\/index.php\/kosze-i-paczki-swiateczne-i-okolicznosciowe\/k1\/\" class=\"wp-image-580\" srcset=\"https:\/\/pssplock.pl\/wp-content\/uploads\/2022\/05\/k1-1024x648.jpg 1024w, https:\/\/pssplock.pl\/wp-content\/uploads\/2022\/05\/k1-300x190.jpg 300w, https:\/\/pssplock.pl\/wp-content\/uploads\/2022\/05\/k1-768x486.jpg 768w, https:\/\/pssplock.pl\/wp-content\/uploads\/2022\/05\/k1-1536x972.jpg 1536w, https:\/\/pssplock.pl\/wp-content\/uploads\/2022\/05\/k1.jpg 2000w\" sizes=\"auto, (max-width: 767px) 89vw, (max-width: 1000px) 54vw, (max-width: 1071px) 543px, 580px\" \/><\/a><\/figure><\/li><li class=\"blocks-gallery-item\"><figure><a href=\"http:\/\/pssplock.pl\/wp-content\/uploads\/2022\/05\/1-1.jpg\"><img loading=\"lazy\" decoding=\"async\" width=\"1024\" height=\"648\" src=\"http:\/\/pssplock.pl\/wp-content\/uploads\/2022\/05\/1-1-1024x648.jpg\" alt=\"\" data-id=\"582\" data-full-url=\"http:\/\/pssplock.pl\/wp-content\/uploads\/2022\/05\/1-1.jpg\" data-link=\"http:\/\/pssplock.pl\/index.php\/kosze-i-paczki-swiateczne-i-okolicznosciowe\/1-1\/\" class=\"wp-image-582\" srcset=\"https:\/\/pssplock.pl\/wp-content\/uploads\/2022\/05\/1-1-1024x648.jpg 1024w, https:\/\/pssplock.pl\/wp-content\/uploads\/2022\/05\/1-1-300x190.jpg 300w, https:\/\/pssplock.pl\/wp-content\/uploads\/2022\/05\/1-1-768x486.jpg 768w, https:\/\/pssplock.pl\/wp-content\/uploads\/2022\/05\/1-1-1536x972.jpg 1536w, https:\/\/pssplock.pl\/wp-content\/uploads\/2022\/05\/1-1.jpg 2000w\" sizes=\"auto, (max-width: 767px) 89vw, (max-width: 1000px) 54vw, (max-width: 1071px) 543px, 580px\" \/><\/a><\/figure><\/li><li class=\"blocks-gallery-item\"><figure><a href=\"http:\/\/pssplock.pl\/wp-content\/uploads\/2022\/05\/k3.jpg\"><img loading=\"lazy\" decoding=\"async\" width=\"1024\" height=\"648\" src=\"http:\/\/pssplock.pl\/wp-content\/uploads\/2022\/05\/k3-1024x648.jpg\" alt=\"\" data-id=\"583\" data-full-url=\"http:\/\/pssplock.pl\/wp-content\/uploads\/2022\/05\/k3.jpg\" data-link=\"http:\/\/pssplock.pl\/index.php\/kosze-i-paczki-swiateczne-i-okolicznosciowe\/k3\/\" class=\"wp-image-583\" srcset=\"https:\/\/pssplock.pl\/wp-content\/uploads\/2022\/05\/k3-1024x648.jpg 1024w, https:\/\/pssplock.pl\/wp-content\/uploads\/2022\/05\/k3-300x190.jpg 300w, https:\/\/pssplock.pl\/wp-content\/uploads\/2022\/05\/k3-768x486.jpg 768w, https:\/\/pssplock.pl\/wp-content\/uploads\/2022\/05\/k3-1536x972.jpg 1536w, https:\/\/pssplock.pl\/wp-content\/uploads\/2022\/05\/k3.jpg 2000w\" sizes=\"auto, (max-width: 767px) 89vw, (max-width: 1000px) 54vw, (max-width: 1071px) 543px, 580px\" \/><\/a><\/figure><\/li><li class=\"blocks-gallery-item\"><figure><a href=\"http:\/\/pssplock.pl\/wp-content\/uploads\/2022\/05\/k4.jpg\"><img loading=\"lazy\" decoding=\"async\" width=\"1024\" height=\"648\" src=\"http:\/\/pssplock.pl\/wp-content\/uploads\/2022\/05\/k4-1024x648.jpg\" alt=\"\" data-id=\"584\" data-full-url=\"http:\/\/pssplock.pl\/wp-content\/uploads\/2022\/05\/k4.jpg\" data-link=\"http:\/\/pssplock.pl\/index.php\/kosze-i-paczki-swiateczne-i-okolicznosciowe\/k4\/\" class=\"wp-image-584\" srcset=\"https:\/\/pssplock.pl\/wp-content\/uploads\/2022\/05\/k4-1024x648.jpg 1024w, https:\/\/pssplock.pl\/wp-content\/uploads\/2022\/05\/k4-300x190.jpg 300w, https:\/\/pssplock.pl\/wp-content\/uploads\/2022\/05\/k4-768x486.jpg 768w, https:\/\/pssplock.pl\/wp-content\/uploads\/2022\/05\/k4-1536x972.jpg 1536w, https:\/\/pssplock.pl\/wp-content\/uploads\/2022\/05\/k4.jpg 2000w\" sizes=\"auto, (max-width: 767px) 89vw, (max-width: 1000px) 54vw, (max-width: 1071px) 543px, 580px\" \/><\/a><\/figure><\/li><li class=\"blocks-gallery-item\"><figure><a href=\"http:\/\/pssplock.pl\/wp-content\/uploads\/2022\/05\/k5.jpg\"><img loading=\"lazy\" decoding=\"async\" width=\"1024\" height=\"648\" src=\"http:\/\/pssplock.pl\/wp-content\/uploads\/2022\/05\/k5-1024x648.jpg\" alt=\"\" data-id=\"585\" data-full-url=\"http:\/\/pssplock.pl\/wp-content\/uploads\/2022\/05\/k5.jpg\" data-link=\"http:\/\/pssplock.pl\/index.php\/kosze-i-paczki-swiateczne-i-okolicznosciowe\/k5\/\" class=\"wp-image-585\" srcset=\"https:\/\/pssplock.pl\/wp-content\/uploads\/2022\/05\/k5-1024x648.jpg 1024w, https:\/\/pssplock.pl\/wp-content\/uploads\/2022\/05\/k5-300x190.jpg 300w, https:\/\/pssplock.pl\/wp-content\/uploads\/2022\/05\/k5-768x486.jpg 768w, https:\/\/pssplock.pl\/wp-content\/uploads\/2022\/05\/k5-1536x972.jpg 1536w, https:\/\/pssplock.pl\/wp-content\/uploads\/2022\/05\/k5.jpg 2000w\" sizes=\"auto, (max-width: 767px) 89vw, (max-width: 1000px) 54vw, (max-width: 1071px) 543px, 580px\" \/><\/a><\/figure><\/li><\/ul><\/figure>\n","protected":false},"excerpt":{"rendered":"<p>Podaruj bliskim kosz pe\u0142en s\u0142odyczy! Kosze i paczki okoliczno\u015bciowe&nbsp;komponujemy na \u017cyczenie Klienta, z wybranych przez niego produkt\u00f3w. Doskonale nadaj\u0105 si\u0119 na imieniny, urodziny, jubileusze, \u015bwi\u0119ta, na ka\u017cd\u0105 okazj\u0119 dla dzieci i doros\u0142ych, dla zak\u0142ad\u00f3w pracy, przedszkoli, szk\u00f3\u0142. Oferujemy szerok\u0105 gam\u0119 najwy\u017cszej jako\u015bci produkt\u00f3w spo\u017cywczych.&nbsp; Us\u0142uga u\u0142o\u017cenia produkt\u00f3w w koszu i paczki okoliczno\u015bciowej&nbsp;&#8211; gratis! Wst\u0105\u017cka, folia &hellip; <\/p>\n<p class=\"link-more\"><a href=\"https:\/\/pssplock.pl\/index.php\/kosze-i-paczki-swiateczne-i-okolicznosciowe\/\" class=\"more-link\">Czytaj dalej<span class=\"screen-reader-text\"> Kosze i paczki \u015bwi\u0105teczne i okoliczno\u015bciowe<\/span><\/a><\/p>\n","protected":false},"author":1,"featured_media":0,"parent":0,"menu_order":0,"comment_status":"closed","ping_status":"closed","template":"","meta":{"footnotes":""},"class_list":["post-426","page","type-page","status-publish","hentry"],"_links":{"self":[{"href":"https:\/\/pssplock.pl\/index.php\/wp-json\/wp\/v2\/pages\/426","targetHints":{"allow":["GET"]}}],"collection":[{"href":"https:\/\/pssplock.pl\/index.php\/wp-json\/wp\/v2\/pages"}],"about":[{"href":"https:\/\/pssplock.pl\/index.php\/wp-json\/wp\/v2\/types\/page"}],"author":[{"embeddable":true,"href":"https:\/\/pssplock.pl\/index.php\/wp-json\/wp\/v2\/users\/1"}],"replies":[{"embeddable":true,"href":"https:\/\/pssplock.pl\/index.php\/wp-json\/wp\/v2\/comments?post=426"}],"version-history":[{"count":8,"href":"https:\/\/pssplock.pl\/index.php\/wp-json\/wp\/v2\/pages\/426\/revisions"}],"predecessor-version":[{"id":857,"href":"https:\/\/pssplock.pl\/index.php\/wp-json\/wp\/v2\/pages\/426\/revisions\/857"}],"wp:attachment":[{"href":"https:\/\/pssplock.pl\/index.php\/wp-json\/wp\/v2\/media?parent=426"}],"curies":[{"name":"wp","href":"https:\/\/api.w.org\/{rel}","templated":true}]}}