{"id":700,"date":"2022-05-09T01:13:56","date_gmt":"2022-05-08T23:13:56","guid":{"rendered":"http:\/\/pssplock.pl\/?page_id=700"},"modified":"2026-04-21T14:19:31","modified_gmt":"2026-04-21T12:19:31","slug":"pieczywo-pszenne","status":"publish","type":"page","link":"https:\/\/pssplock.pl\/index.php\/pieczywo-pszenne\/","title":{"rendered":"Pieczywo pszenne"},"content":{"rendered":"\n<div class=\"wp-block-columns is-layout-flex wp-container-core-columns-is-layout-9d6595d7 wp-block-columns-is-layout-flex\">\n<div class=\"wp-block-column is-layout-flow wp-block-column-is-layout-flow\"><\/div>\n<\/div>\n\n\n\n<figure class=\"wp-block-gallery has-nested-images columns-4 is-cropped wp-block-gallery-1 is-layout-flex wp-block-gallery-is-layout-flex\">\n<figure class=\"wp-block-image size-large\"><a href=\"https:\/\/pssplock.pl\/wp-content\/uploads\/2022\/05\/1-2.jpg\"><img loading=\"lazy\" decoding=\"async\" width=\"800\" height=\"533\" data-id=\"701\" src=\"http:\/\/pssplock.pl\/wp-content\/uploads\/2022\/05\/1-2.jpg\" alt=\"\" class=\"wp-image-701\" srcset=\"https:\/\/pssplock.pl\/wp-content\/uploads\/2022\/05\/1-2.jpg 800w, https:\/\/pssplock.pl\/wp-content\/uploads\/2022\/05\/1-2-300x200.jpg 300w, https:\/\/pssplock.pl\/wp-content\/uploads\/2022\/05\/1-2-768x512.jpg 768w\" sizes=\"auto, (max-width: 767px) 89vw, (max-width: 1000px) 54vw, (max-width: 1071px) 543px, 580px\" \/><\/a><figcaption class=\"wp-element-caption\">chleb graham 500 g <\/figcaption><\/figure>\n\n\n\n<figure class=\"wp-block-image size-large\"><a href=\"https:\/\/pssplock.pl\/wp-content\/uploads\/2022\/05\/2-2.jpg\"><img loading=\"lazy\" decoding=\"async\" width=\"800\" height=\"519\" data-id=\"702\" src=\"http:\/\/pssplock.pl\/wp-content\/uploads\/2022\/05\/2-2.jpg\" alt=\"\" class=\"wp-image-702\" srcset=\"https:\/\/pssplock.pl\/wp-content\/uploads\/2022\/05\/2-2.jpg 800w, https:\/\/pssplock.pl\/wp-content\/uploads\/2022\/05\/2-2-300x195.jpg 300w, https:\/\/pssplock.pl\/wp-content\/uploads\/2022\/05\/2-2-768x498.jpg 768w\" sizes=\"auto, (max-width: 767px) 89vw, (max-width: 1000px) 54vw, (max-width: 1071px) 543px, 580px\" \/><\/a><figcaption class=\"wp-element-caption\">bu\u0142ka kajzerka 50 g<\/figcaption><\/figure>\n\n\n\n<figure class=\"wp-block-image size-large\"><a href=\"https:\/\/pssplock.pl\/wp-content\/uploads\/2022\/05\/3-2.jpg\"><img loading=\"lazy\" decoding=\"async\" width=\"800\" height=\"533\" data-id=\"703\" src=\"http:\/\/pssplock.pl\/wp-content\/uploads\/2022\/05\/3-2.jpg\" alt=\"\" class=\"wp-image-703\" srcset=\"https:\/\/pssplock.pl\/wp-content\/uploads\/2022\/05\/3-2.jpg 800w, https:\/\/pssplock.pl\/wp-content\/uploads\/2022\/05\/3-2-300x200.jpg 300w, https:\/\/pssplock.pl\/wp-content\/uploads\/2022\/05\/3-2-768x512.jpg 768w\" sizes=\"auto, (max-width: 767px) 89vw, (max-width: 1000px) 54vw, (max-width: 1071px) 543px, 580px\" \/><\/a><figcaption class=\"wp-element-caption\">chleb pur pur 500 g<\/figcaption><\/figure>\n\n\n\n<figure class=\"wp-block-image size-large\"><a href=\"https:\/\/pssplock.pl\/wp-content\/uploads\/2022\/05\/4-1.jpg\"><img loading=\"lazy\" decoding=\"async\" width=\"800\" height=\"533\" data-id=\"704\" src=\"http:\/\/pssplock.pl\/wp-content\/uploads\/2022\/05\/4-1.jpg\" alt=\"\" class=\"wp-image-704\" srcset=\"https:\/\/pssplock.pl\/wp-content\/uploads\/2022\/05\/4-1.jpg 800w, https:\/\/pssplock.pl\/wp-content\/uploads\/2022\/05\/4-1-300x200.jpg 300w, https:\/\/pssplock.pl\/wp-content\/uploads\/2022\/05\/4-1-768x512.jpg 768w\" sizes=\"auto, (max-width: 767px) 89vw, (max-width: 1000px) 54vw, (max-width: 1071px) 543px, 580px\" \/><\/a><figcaption class=\"wp-element-caption\">chleb tostowy 500 g<br><\/figcaption><\/figure>\n\n\n\n<figure class=\"wp-block-image size-large\"><a href=\"https:\/\/pssplock.pl\/wp-content\/uploads\/2022\/05\/5-1.jpg\"><img loading=\"lazy\" decoding=\"async\" width=\"800\" height=\"533\" data-id=\"705\" src=\"http:\/\/pssplock.pl\/wp-content\/uploads\/2022\/05\/5-1.jpg\" alt=\"\" class=\"wp-image-705\" srcset=\"https:\/\/pssplock.pl\/wp-content\/uploads\/2022\/05\/5-1.jpg 800w, https:\/\/pssplock.pl\/wp-content\/uploads\/2022\/05\/5-1-300x200.jpg 300w, https:\/\/pssplock.pl\/wp-content\/uploads\/2022\/05\/5-1-768x512.jpg 768w\" sizes=\"auto, (max-width: 767px) 89vw, (max-width: 1000px) 54vw, (max-width: 1071px) 543px, 580px\" \/><\/a><figcaption class=\"wp-element-caption\">bu\u0142ka grahamka 100 g<\/figcaption><\/figure>\n\n\n\n<figure class=\"wp-block-image size-large\"><a href=\"https:\/\/pssplock.pl\/wp-content\/uploads\/2022\/05\/6.jpg\"><img loading=\"lazy\" decoding=\"async\" width=\"800\" height=\"533\" data-id=\"706\" src=\"http:\/\/pssplock.pl\/wp-content\/uploads\/2022\/05\/6.jpg\" alt=\"\" class=\"wp-image-706\" srcset=\"https:\/\/pssplock.pl\/wp-content\/uploads\/2022\/05\/6.jpg 800w, https:\/\/pssplock.pl\/wp-content\/uploads\/2022\/05\/6-300x200.jpg 300w, https:\/\/pssplock.pl\/wp-content\/uploads\/2022\/05\/6-768x512.jpg 768w\" sizes=\"auto, (max-width: 767px) 89vw, (max-width: 1000px) 54vw, (max-width: 1071px) 543px, 580px\" \/><\/a><figcaption class=\"wp-element-caption\">bu\u0142ka pozna\u0144ska 100 g<\/figcaption><\/figure>\n\n\n\n<figure class=\"wp-block-image size-large\"><a href=\"https:\/\/pssplock.pl\/wp-content\/uploads\/2022\/05\/8-1.jpg\"><img loading=\"lazy\" decoding=\"async\" width=\"800\" height=\"533\" data-id=\"708\" src=\"http:\/\/pssplock.pl\/wp-content\/uploads\/2022\/05\/8-1.jpg\" alt=\"\" class=\"wp-image-708\" srcset=\"https:\/\/pssplock.pl\/wp-content\/uploads\/2022\/05\/8-1.jpg 800w, https:\/\/pssplock.pl\/wp-content\/uploads\/2022\/05\/8-1-300x200.jpg 300w, https:\/\/pssplock.pl\/wp-content\/uploads\/2022\/05\/8-1-768x512.jpg 768w\" sizes=\"auto, (max-width: 767px) 89vw, (max-width: 1000px) 54vw, (max-width: 1071px) 543px, 580px\" \/><\/a><figcaption class=\"wp-element-caption\">bu\u0142ka wroc\u0142awska 45 g<\/figcaption><\/figure>\n\n\n\n<figure class=\"wp-block-image size-large\"><a href=\"https:\/\/pssplock.pl\/wp-content\/uploads\/2022\/05\/9.jpg\"><img loading=\"lazy\" decoding=\"async\" width=\"800\" height=\"533\" data-id=\"709\" src=\"http:\/\/pssplock.pl\/wp-content\/uploads\/2022\/05\/9.jpg\" alt=\"\" class=\"wp-image-709\" srcset=\"https:\/\/pssplock.pl\/wp-content\/uploads\/2022\/05\/9.jpg 800w, https:\/\/pssplock.pl\/wp-content\/uploads\/2022\/05\/9-300x200.jpg 300w, https:\/\/pssplock.pl\/wp-content\/uploads\/2022\/05\/9-768x512.jpg 768w\" sizes=\"auto, (max-width: 767px) 89vw, (max-width: 1000px) 54vw, (max-width: 1071px) 543px, 580px\" \/><\/a><figcaption class=\"wp-element-caption\">bagietka pszenna 280 g<\/figcaption><\/figure>\n\n\n\n<figure class=\"wp-block-image size-large\"><a href=\"https:\/\/pssplock.pl\/wp-content\/uploads\/2022\/05\/10.jpg\"><img loading=\"lazy\" decoding=\"async\" width=\"800\" height=\"532\" data-id=\"710\" src=\"http:\/\/pssplock.pl\/wp-content\/uploads\/2022\/05\/10.jpg\" alt=\"\" class=\"wp-image-710\" srcset=\"https:\/\/pssplock.pl\/wp-content\/uploads\/2022\/05\/10.jpg 800w, https:\/\/pssplock.pl\/wp-content\/uploads\/2022\/05\/10-300x200.jpg 300w, https:\/\/pssplock.pl\/wp-content\/uploads\/2022\/05\/10-768x511.jpg 768w\" sizes=\"auto, (max-width: 767px) 89vw, (max-width: 1000px) 54vw, (max-width: 1071px) 543px, 580px\" \/><\/a><figcaption class=\"wp-element-caption\">bu\u0142ka wroc\u0142awska 350 g<\/figcaption><\/figure>\n\n\n\n<figure class=\"wp-block-image size-large\"><a href=\"https:\/\/pssplock.pl\/wp-content\/uploads\/2022\/05\/11.jpg\"><img loading=\"lazy\" decoding=\"async\" width=\"800\" height=\"533\" data-id=\"711\" src=\"http:\/\/pssplock.pl\/wp-content\/uploads\/2022\/05\/11.jpg\" alt=\"\" class=\"wp-image-711\" srcset=\"https:\/\/pssplock.pl\/wp-content\/uploads\/2022\/05\/11.jpg 800w, https:\/\/pssplock.pl\/wp-content\/uploads\/2022\/05\/11-300x200.jpg 300w, https:\/\/pssplock.pl\/wp-content\/uploads\/2022\/05\/11-768x512.jpg 768w\" sizes=\"auto, (max-width: 767px) 89vw, (max-width: 1000px) 54vw, (max-width: 1071px) 543px, 580px\" \/><\/a><figcaption class=\"wp-element-caption\">bagietka drwala 300 g&nbsp;<\/figcaption><\/figure>\n\n\n\n<figure class=\"wp-block-image size-full\"><a href=\"https:\/\/pssplock.pl\/wp-content\/uploads\/2024\/10\/bulka-Mamma-Mia-80g.jpg\"><img loading=\"lazy\" decoding=\"async\" width=\"800\" height=\"450\" data-id=\"9847\" src=\"https:\/\/pssplock.pl\/wp-content\/uploads\/2024\/10\/bulka-Mamma-Mia-80g.jpg\" alt=\"\" class=\"wp-image-9847\" srcset=\"https:\/\/pssplock.pl\/wp-content\/uploads\/2024\/10\/bulka-Mamma-Mia-80g.jpg 800w, https:\/\/pssplock.pl\/wp-content\/uploads\/2024\/10\/bulka-Mamma-Mia-80g-300x169.jpg 300w, https:\/\/pssplock.pl\/wp-content\/uploads\/2024\/10\/bulka-Mamma-Mia-80g-768x432.jpg 768w\" sizes=\"auto, (max-width: 767px) 89vw, (max-width: 1000px) 54vw, (max-width: 1071px) 543px, 580px\" \/><\/a><figcaption class=\"wp-element-caption\">bu\u0142ka Mamma Mia 80 g<\/figcaption><\/figure>\n\n\n\n<figure class=\"wp-block-image size-large\"><a href=\"https:\/\/pssplock.pl\/wp-content\/uploads\/2022\/05\/13.jpg\"><img loading=\"lazy\" decoding=\"async\" width=\"800\" height=\"533\" data-id=\"713\" src=\"http:\/\/pssplock.pl\/wp-content\/uploads\/2022\/05\/13.jpg\" alt=\"\" class=\"wp-image-713\" srcset=\"https:\/\/pssplock.pl\/wp-content\/uploads\/2022\/05\/13.jpg 800w, https:\/\/pssplock.pl\/wp-content\/uploads\/2022\/05\/13-300x200.jpg 300w, https:\/\/pssplock.pl\/wp-content\/uploads\/2022\/05\/13-768x512.jpg 768w\" sizes=\"auto, (max-width: 767px) 89vw, (max-width: 1000px) 54vw, (max-width: 1071px) 543px, 580px\" \/><\/a><figcaption class=\"wp-element-caption\">bu\u0142ka tarta 500 g<\/figcaption><\/figure>\n\n\n\n<figure class=\"wp-block-image size-large\"><a href=\"https:\/\/pssplock.pl\/wp-content\/uploads\/2024\/03\/bulka-grahamka-podluzna.jpg\"><img loading=\"lazy\" decoding=\"async\" width=\"1024\" height=\"577\" data-id=\"7601\" src=\"https:\/\/pssplock.pl\/wp-content\/uploads\/2024\/03\/bulka-grahamka-podluzna-1024x577.jpg\" alt=\"\" class=\"wp-image-7601\" srcset=\"https:\/\/pssplock.pl\/wp-content\/uploads\/2024\/03\/bulka-grahamka-podluzna-1024x577.jpg 1024w, https:\/\/pssplock.pl\/wp-content\/uploads\/2024\/03\/bulka-grahamka-podluzna-300x169.jpg 300w, https:\/\/pssplock.pl\/wp-content\/uploads\/2024\/03\/bulka-grahamka-podluzna-768x432.jpg 768w, https:\/\/pssplock.pl\/wp-content\/uploads\/2024\/03\/bulka-grahamka-podluzna-1536x865.jpg 1536w, https:\/\/pssplock.pl\/wp-content\/uploads\/2024\/03\/bulka-grahamka-podluzna.jpg 2000w\" sizes=\"auto, (max-width: 767px) 89vw, (max-width: 1000px) 54vw, (max-width: 1071px) 543px, 580px\" \/><\/a><figcaption class=\"wp-element-caption\">bu\u0142ka grahamka pod\u0142u\u017cna 70 g<\/figcaption><\/figure>\n\n\n\n<figure class=\"wp-block-image size-large\"><a href=\"https:\/\/pssplock.pl\/wp-content\/uploads\/2022\/05\/17.jpg\"><img loading=\"lazy\" decoding=\"async\" width=\"800\" height=\"533\" data-id=\"717\" src=\"http:\/\/pssplock.pl\/wp-content\/uploads\/2022\/05\/17.jpg\" alt=\"\" class=\"wp-image-717\" srcset=\"https:\/\/pssplock.pl\/wp-content\/uploads\/2022\/05\/17.jpg 800w, https:\/\/pssplock.pl\/wp-content\/uploads\/2022\/05\/17-300x200.jpg 300w, https:\/\/pssplock.pl\/wp-content\/uploads\/2022\/05\/17-768x512.jpg 768w\" sizes=\"auto, (max-width: 767px) 89vw, (max-width: 1000px) 54vw, (max-width: 1071px) 543px, 580px\" \/><\/a><figcaption class=\"wp-element-caption\">paluch z \u017c\u00f3\u0142tym serem 60 g<\/figcaption><\/figure>\n\n\n\n<figure class=\"wp-block-image size-large\"><a href=\"https:\/\/pssplock.pl\/wp-content\/uploads\/2022\/05\/18.jpg\"><img loading=\"lazy\" decoding=\"async\" width=\"800\" height=\"533\" data-id=\"718\" src=\"http:\/\/pssplock.pl\/wp-content\/uploads\/2022\/05\/18.jpg\" alt=\"\" class=\"wp-image-718\" srcset=\"https:\/\/pssplock.pl\/wp-content\/uploads\/2022\/05\/18.jpg 800w, https:\/\/pssplock.pl\/wp-content\/uploads\/2022\/05\/18-300x200.jpg 300w, https:\/\/pssplock.pl\/wp-content\/uploads\/2022\/05\/18-768x512.jpg 768w\" sizes=\"auto, (max-width: 767px) 89vw, (max-width: 1000px) 54vw, (max-width: 1071px) 543px, 580px\" \/><\/a><figcaption class=\"wp-element-caption\">bu\u0142ka sojowa 80 g<\/figcaption><\/figure>\n\n\n\n<figure class=\"wp-block-image size-large\"><a href=\"https:\/\/pssplock.pl\/wp-content\/uploads\/2024\/03\/bulka-kaszubka.jpg\"><img loading=\"lazy\" decoding=\"async\" width=\"1024\" height=\"577\" data-id=\"7604\" src=\"https:\/\/pssplock.pl\/wp-content\/uploads\/2024\/03\/bulka-kaszubka-1024x577.jpg\" alt=\"\" class=\"wp-image-7604\" srcset=\"https:\/\/pssplock.pl\/wp-content\/uploads\/2024\/03\/bulka-kaszubka-1024x577.jpg 1024w, https:\/\/pssplock.pl\/wp-content\/uploads\/2024\/03\/bulka-kaszubka-300x169.jpg 300w, https:\/\/pssplock.pl\/wp-content\/uploads\/2024\/03\/bulka-kaszubka-768x432.jpg 768w, https:\/\/pssplock.pl\/wp-content\/uploads\/2024\/03\/bulka-kaszubka-1536x865.jpg 1536w, https:\/\/pssplock.pl\/wp-content\/uploads\/2024\/03\/bulka-kaszubka.jpg 2000w\" sizes=\"auto, (max-width: 767px) 89vw, (max-width: 1000px) 54vw, (max-width: 1071px) 543px, 580px\" \/><\/a><figcaption class=\"wp-element-caption\">bu\u0142ka kaszubka 70 g<\/figcaption><\/figure>\n\n\n\n<figure class=\"wp-block-image size-large\"><a href=\"https:\/\/pssplock.pl\/wp-content\/uploads\/2025\/11\/20251113_084543.jpg\"><img loading=\"lazy\" decoding=\"async\" width=\"600\" height=\"466\" data-id=\"13622\" src=\"https:\/\/pssplock.pl\/wp-content\/uploads\/2025\/11\/20251113_084543.jpg\" alt=\"\" class=\"wp-image-13622\" srcset=\"https:\/\/pssplock.pl\/wp-content\/uploads\/2025\/11\/20251113_084543.jpg 600w, https:\/\/pssplock.pl\/wp-content\/uploads\/2025\/11\/20251113_084543-300x233.jpg 300w\" sizes=\"auto, (max-width: 600px) 100vw, 600px\" \/><\/a><figcaption class=\"wp-element-caption\">bu\u0142ka tygrysia 80 g<\/figcaption><\/figure>\n<\/figure>\n\n\n\n<p><\/p>\n","protected":false},"excerpt":{"rendered":"","protected":false},"author":1,"featured_media":0,"parent":0,"menu_order":0,"comment_status":"closed","ping_status":"closed","template":"","meta":{"footnotes":""},"class_list":["post-700","page","type-page","status-publish","hentry"],"_links":{"self":[{"href":"https:\/\/pssplock.pl\/index.php\/wp-json\/wp\/v2\/pages\/700","targetHints":{"allow":["GET"]}}],"collection":[{"href":"https:\/\/pssplock.pl\/index.php\/wp-json\/wp\/v2\/pages"}],"about":[{"href":"https:\/\/pssplock.pl\/index.php\/wp-json\/wp\/v2\/types\/page"}],"author":[{"embeddable":true,"href":"https:\/\/pssplock.pl\/index.php\/wp-json\/wp\/v2\/users\/1"}],"replies":[{"embeddable":true,"href":"https:\/\/pssplock.pl\/index.php\/wp-json\/wp\/v2\/comments?post=700"}],"version-history":[{"count":18,"href":"https:\/\/pssplock.pl\/index.php\/wp-json\/wp\/v2\/pages\/700\/revisions"}],"predecessor-version":[{"id":14932,"href":"https:\/\/pssplock.pl\/index.php\/wp-json\/wp\/v2\/pages\/700\/revisions\/14932"}],"wp:attachment":[{"href":"https:\/\/pssplock.pl\/index.php\/wp-json\/wp\/v2\/media?parent=700"}],"curies":[{"name":"wp","href":"https:\/\/api.w.org\/{rel}","templated":true}]}}